{"id":2514,"date":"2017-08-07T16:06:44","date_gmt":"2017-08-07T15:06:44","guid":{"rendered":"http:\/\/192.168.1.170\/aussac-vadalle\/?page_id=2514"},"modified":"2024-04-30T11:37:38","modified_gmt":"2024-04-30T09:37:38","slug":"le-conseil-municipal","status":"publish","type":"page","link":"https:\/\/www.aussac-vadalle.fr\/?page_id=2514","title":{"rendered":"Le Conseil Municipal"},"content":{"rendered":"<p>Visits: 2582<\/p><p><span style=\"color: #000000;\">Le Conseil Municipal est pr\u00e9sid\u00e9 par G\u00e9rard LIOT qui est Maire depuis 1995.<\/span><\/p>\n<p><span style=\"color: #000000;\">Les Adjoints au Maire sont dans l&#8217;ordre d&#8217;\u00e9lection,\u00a0 Damien Chambre, Madeleine Kerjean et R\u00e9gine Liot.<br \/>\n<\/span><\/p>\n<p><span style=\"color: #000000;\">Les conseillers municipaux qui compl\u00e8tent l&#8217;organe d\u00e9lib\u00e9rant sont :\u00a0 B\u00e9atrice Coussaud, <\/span><span style=\"color: #000000;\">Aur\u00e9lie <\/span><span style=\"color: #000000;\">Bize, Jocelyne Aupy, Marine Dupuy, Guillaume Le Diraison, Xavier Legrand, Pierre-Yves Lehembre, Christophe Lamache.<br \/>\n<\/span><\/p>\n","protected":false},"excerpt":{"rendered":"<p>Visits: 2582Le Conseil Municipal est pr\u00e9sid\u00e9 par G\u00e9rard LIOT qui est Maire depuis 1995. Les Adjoints au Maire sont dans l&#8217;ordre d&#8217;\u00e9lection,\u00a0 Damien Chambre, Madeleine Kerjean et R\u00e9gine Liot. Les conseillers municipaux qui compl\u00e8tent l&#8217;organe d\u00e9lib\u00e9rant sont :\u00a0 B\u00e9atrice Coussaud, Aur\u00e9lie Bize, Jocelyne Aupy, Marine Dupuy, Guillaume Le Diraison, Xavier Legrand, Pierre-Yves Lehembre, Christophe Lamache.<\/p>\n","protected":false},"author":1,"featured_media":0,"parent":0,"menu_order":0,"comment_status":"closed","ping_status":"closed","template":"","meta":{"footnotes":""},"_links":{"self":[{"href":"https:\/\/www.aussac-vadalle.fr\/index.php?rest_route=\/wp\/v2\/pages\/2514"}],"collection":[{"href":"https:\/\/www.aussac-vadalle.fr\/index.php?rest_route=\/wp\/v2\/pages"}],"about":[{"href":"https:\/\/www.aussac-vadalle.fr\/index.php?rest_route=\/wp\/v2\/types\/page"}],"author":[{"embeddable":true,"href":"https:\/\/www.aussac-vadalle.fr\/index.php?rest_route=\/wp\/v2\/users\/1"}],"replies":[{"embeddable":true,"href":"https:\/\/www.aussac-vadalle.fr\/index.php?rest_route=%2Fwp%2Fv2%2Fcomments&post=2514"}],"version-history":[{"count":11,"href":"https:\/\/www.aussac-vadalle.fr\/index.php?rest_route=\/wp\/v2\/pages\/2514\/revisions"}],"predecessor-version":[{"id":5118,"href":"https:\/\/www.aussac-vadalle.fr\/index.php?rest_route=\/wp\/v2\/pages\/2514\/revisions\/5118"}],"wp:attachment":[{"href":"https:\/\/www.aussac-vadalle.fr\/index.php?rest_route=%2Fwp%2Fv2%2Fmedia&parent=2514"}],"curies":[{"name":"wp","href":"https:\/\/api.w.org\/{rel}","templated":true}]}}

<p>Visits: 2582</p><p><span style="color: #000000;">Le Conseil Municipal est présidé par Gérard LIOT qui est Maire depuis 1995.</span></p>
<p><span style="color: #000000;">Les Adjoints au Maire sont dans l&#8217;ordre d&#8217;élection,  Damien Chambre, Madeleine Kerjean et Régine Liot.<br />
</span></p>
<p><span style="color: #000000;">Les conseillers municipaux qui complètent l&#8217;organe délibérant sont :  Béatrice Coussaud, </span><span style="color: #000000;">Aurélie </span><span style="color: #000000;">Bize, Jocelyne Aupy, Marine Dupuy, Guillaume Le Diraison, Xavier Legrand, Pierre-Yves Lehembre, Christophe Lamache.<br />
</span></p>

<p>Visits: 2582Le Conseil Municipal est présidé par Gérard LIOT qui est Maire depuis 1995. Les Adjoints au Maire sont dans l&#8217;ordre d&#8217;élection,  Damien Chambre, Madeleine Kerjean et Régine Liot. Les conseillers municipaux qui complètent l&#8217;organe délibérant sont :  Béatrice Coussaud, Aurélie Bize, Jocelyne Aupy, Marine Dupuy, Guillaume Le Diraison, Xavier Legrand, Pierre-Yves Lehembre, Christophe Lamache.</p>
