{"id":2724,"date":"2017-08-10T15:23:27","date_gmt":"2017-08-10T14:23:27","guid":{"rendered":"http:\/\/192.168.1.170\/aussac-vadalle\/?page_id=2724"},"modified":"2022-04-29T12:25:19","modified_gmt":"2022-04-29T10:25:19","slug":"les-commissions","status":"publish","type":"page","link":"https:\/\/www.aussac-vadalle.fr\/?page_id=2724","title":{"rendered":"Les Commissions"},"content":{"rendered":"<p>Visits: 1856<\/p><div>\n<p><span style=\"color: #000000;\">Les conseillers municipaux participent aux diff\u00e9rentes commissions qui impliquent des administr\u00e9s et aux structures intercommunales qui regroupent plusieurs collectivit\u00e9s. Dans le cas des commissions, dites extra-municipales, l&#8217;id\u00e9e est d&#8217;ouvrir aux administr\u00e9s les orientations qui seront propos\u00e9es au Conseil. C&#8217;est le cas pour la commission de voirie, le suivi de carri\u00e8re, le CCAS, etc.<\/span><br \/>\n<span style=\"color: #000000;\"> Les repr\u00e9sentations du conseil au sein des intercommunalit\u00e9s sont diff\u00e9rentes car seuls les conseillers peuvent y pr\u00e9tendre. Les plus importantes sont bien s\u00fbr la Communaut\u00e9 de communes de C\u0153ur de Charente et le Sivos ATAV\u00a0 dont les d\u00e9cisions ont une influence consid\u00e9rable sur les finances publiques et donc sur l&#8217;imp\u00f4t. D&#8217;autres sont toutes aussi importantes bien que moins connues comme le Syndicat de gestion du\u00a0Coll\u00e8ge de Saint Amant de Boixe, le Syndicat d&#8217;\u00e9lectricit\u00e9 et de Gaz, le Syndicat Informatique, l&#8217;ATD16 et bien s\u00fbr toutes les structures d\u00e9riv\u00e9es et commissions sp\u00e9cifiques.<\/span><\/p>\n<p><img loading=\"lazy\" decoding=\"async\" class=\"wp-image-4521 size-full aligncenter\" src=\"https:\/\/www.aussac-vadalle.fr\/wp-content\/uploads\/2022\/04\/Commissions-CM.jpg\" alt=\"\" width=\"1048\" height=\"453\" srcset=\"https:\/\/www.aussac-vadalle.fr\/wp-content\/uploads\/2022\/04\/Commissions-CM.jpg 1048w, https:\/\/www.aussac-vadalle.fr\/wp-content\/uploads\/2022\/04\/Commissions-CM-300x130.jpg 300w, https:\/\/www.aussac-vadalle.fr\/wp-content\/uploads\/2022\/04\/Commissions-CM-1024x443.jpg 1024w, https:\/\/www.aussac-vadalle.fr\/wp-content\/uploads\/2022\/04\/Commissions-CM-768x332.jpg 768w\" sizes=\"(max-width: 1048px) 100vw, 1048px\" \/><\/p>\n<\/div>\n","protected":false},"excerpt":{"rendered":"<p>Visits: 1856 Les conseillers municipaux participent aux diff\u00e9rentes commissions qui impliquent des administr\u00e9s et aux structures intercommunales qui regroupent plusieurs collectivit\u00e9s. Dans le cas des commissions, dites extra-municipales, l&#8217;id\u00e9e est d&#8217;ouvrir aux administr\u00e9s les orientations qui seront propos\u00e9es au Conseil. C&#8217;est le cas pour la commission de voirie, le suivi de carri\u00e8re, le CCAS, etc.&hellip;<\/p>\n<p class=\"more-link\"><a href=\"https:\/\/www.aussac-vadalle.fr\/?page_id=2724\" class=\"themebutton\">Read More<\/a><\/p>\n","protected":false},"author":1,"featured_media":0,"parent":0,"menu_order":0,"comment_status":"closed","ping_status":"closed","template":"","meta":{"footnotes":""},"_links":{"self":[{"href":"https:\/\/www.aussac-vadalle.fr\/index.php?rest_route=\/wp\/v2\/pages\/2724"}],"collection":[{"href":"https:\/\/www.aussac-vadalle.fr\/index.php?rest_route=\/wp\/v2\/pages"}],"about":[{"href":"https:\/\/www.aussac-vadalle.fr\/index.php?rest_route=\/wp\/v2\/types\/page"}],"author":[{"embeddable":true,"href":"https:\/\/www.aussac-vadalle.fr\/index.php?rest_route=\/wp\/v2\/users\/1"}],"replies":[{"embeddable":true,"href":"https:\/\/www.aussac-vadalle.fr\/index.php?rest_route=%2Fwp%2Fv2%2Fcomments&post=2724"}],"version-history":[{"count":12,"href":"https:\/\/www.aussac-vadalle.fr\/index.php?rest_route=\/wp\/v2\/pages\/2724\/revisions"}],"predecessor-version":[{"id":4522,"href":"https:\/\/www.aussac-vadalle.fr\/index.php?rest_route=\/wp\/v2\/pages\/2724\/revisions\/4522"}],"wp:attachment":[{"href":"https:\/\/www.aussac-vadalle.fr\/index.php?rest_route=%2Fwp%2Fv2%2Fmedia&parent=2724"}],"curies":[{"name":"wp","href":"https:\/\/api.w.org\/{rel}","templated":true}]}}