{"id":2817,"date":"2017-08-14T10:34:08","date_gmt":"2017-08-14T09:34:08","guid":{"rendered":"http:\/\/192.168.1.170\/aussac-vadalle\/?page_id=2817"},"modified":"2017-08-14T10:36:43","modified_gmt":"2017-08-14T09:36:43","slug":"pharmacies-de-garde","status":"publish","type":"page","link":"https:\/\/www.aussac-vadalle.fr\/?page_id=2817","title":{"rendered":"Pharmacies de garde"},"content":{"rendered":"<p>Visits: 6720<\/p><div class=\"page-article--intro\">\n<div class=\"row\">\n<div class=\"col-xs-12 col-md-6\">\n<div class=\"page-article--chapo\">\n<div class=\"field field--name-field-accroche-ars field--type-string-long field--label-visually_hidden\">\n<div><img loading=\"lazy\" decoding=\"async\" class=\"alignleft\" src=\"https:\/\/www.nouvelle-aquitaine.ars.sante.fr\/sites\/default\/files\/styles\/logo\/public\/2017-01\/ARS_NA_LOGO_678_388.jpg?itok=B68x09kb\" alt=\"Agence r\u00e9gionale de sant\u00e9 Nouvelle-Aquitaine\" width=\"122\" height=\"71\">La gestion de la politique r\u00e9gionale de sant\u00e9 est assur\u00e9e par l&#8217;ARS. Dans ce cadre l&#8217;ARS g\u00e8re la liste des pharmacie de garde.<\/div>\n<div>&nbsp;<\/div>\n<div class=\"field--item\">En dehors des horaires et des jours habituels d\u2019ouverture, les pharmacies d\u2019officine sont tenues d\u2019assurer un service de garde et d\u2019urgence pour r\u00e9pondre aux besoins du public.<\/div>\n<\/div>\n<\/div>\n<\/div>\n<\/div>\n<\/div>\n<div class=\"page-article--texte\">\n<div class=\"field field--name-field-body-ars field--type-entity-reference-revisions field--label-visually_hidden\">\n<div class=\"field--label sr-only\">Corps de texte<\/div>\n<div class=\"field__items\">\n<div class=\"field--item\">\n<div class=\"page-article--collapse-content clearfix\">\n<p>Un service de garde est organis\u00e9 pour r\u00e9pondre aux besoins du public en dehors des jours d&#8217;ouverture g\u00e9n\u00e9ralement pratiqu\u00e9s par les officines dans une zone d\u00e9termin\u00e9e. Un service d&#8217;urgence est organis\u00e9 pour r\u00e9pondre aux demandes urgentes en dehors des heures d&#8217;ouverture g\u00e9n\u00e9ralement pratiqu\u00e9es par ces officines.<\/p>\n<p>La nuit contactez la Gendarmerie (17) avant de vous pr\u00e9senter \u00e0 la pharmacie de garde.<\/p>\n<p><a href=\"https:\/\/www.nouvelle-aquitaine.ars.sante.fr\/pharmacies-de-garde-de-nuits-dimanches-et-jours-feries\" target=\"_blank\" rel=\"noopener\">Pour conna\u00eetre les pharmacies de garde cliquez ici<\/a><\/p>\n<h3>&nbsp;<\/h3>\n<\/div>\n<\/div>\n<\/div>\n<\/div>\n<\/div>\n","protected":false},"excerpt":{"rendered":"<p>Visits: 6720 La gestion de la politique r\u00e9gionale de sant\u00e9 est assur\u00e9e par l&#8217;ARS. Dans ce cadre l&#8217;ARS g\u00e8re la liste des pharmacie de garde. &nbsp; En dehors des horaires et des jours habituels d\u2019ouverture, les pharmacies d\u2019officine sont tenues d\u2019assurer un service de garde et d\u2019urgence pour r\u00e9pondre aux besoins du public. Corps de&hellip;<\/p>\n<p class=\"more-link\"><a href=\"https:\/\/www.aussac-vadalle.fr\/?page_id=2817\" class=\"themebutton\">Read More<\/a><\/p>\n","protected":false},"author":1,"featured_media":0,"parent":0,"menu_order":0,"comment_status":"closed","ping_status":"closed","template":"","meta":{"footnotes":""},"_links":{"self":[{"href":"https:\/\/www.aussac-vadalle.fr\/index.php?rest_route=\/wp\/v2\/pages\/2817"}],"collection":[{"href":"https:\/\/www.aussac-vadalle.fr\/index.php?rest_route=\/wp\/v2\/pages"}],"about":[{"href":"https:\/\/www.aussac-vadalle.fr\/index.php?rest_route=\/wp\/v2\/types\/page"}],"author":[{"embeddable":true,"href":"https:\/\/www.aussac-vadalle.fr\/index.php?rest_route=\/wp\/v2\/users\/1"}],"replies":[{"embeddable":true,"href":"https:\/\/www.aussac-vadalle.fr\/index.php?rest_route=%2Fwp%2Fv2%2Fcomments&post=2817"}],"version-history":[{"count":3,"href":"https:\/\/www.aussac-vadalle.fr\/index.php?rest_route=\/wp\/v2\/pages\/2817\/revisions"}],"predecessor-version":[{"id":2820,"href":"https:\/\/www.aussac-vadalle.fr\/index.php?rest_route=\/wp\/v2\/pages\/2817\/revisions\/2820"}],"wp:attachment":[{"href":"https:\/\/www.aussac-vadalle.fr\/index.php?rest_route=%2Fwp%2Fv2%2Fmedia&parent=2817"}],"curies":[{"name":"wp","href":"https:\/\/api.w.org\/{rel}","templated":true}]}}

<p>Visits: 6720</p><div class="page-article--intro">
<div class="row">
<div class="col-xs-12 col-md-6">
<div class="page-article--chapo">
<div class="field field--name-field-accroche-ars field--type-string-long field--label-visually_hidden">
<div><img loading="lazy" decoding="async" class="alignleft" src="https://www.nouvelle-aquitaine.ars.sante.fr/sites/default/files/styles/logo/public/2017-01/ARS_NA_LOGO_678_388.jpg?itok=B68x09kb" alt="Agence régionale de santé Nouvelle-Aquitaine" width="122" height="71">La gestion de la politique régionale de santé est assurée par l&#8217;ARS. Dans ce cadre l&#8217;ARS gère la liste des pharmacie de garde.</div>
<div>&nbsp;</div>
<div class="field--item">En dehors des horaires et des jours habituels d’ouverture, les pharmacies d’officine sont tenues d’assurer un service de garde et d’urgence pour répondre aux besoins du public.</div>
</div>
</div>
</div>
</div>
</div>
<div class="page-article--texte">
<div class="field field--name-field-body-ars field--type-entity-reference-revisions field--label-visually_hidden">
<div class="field--label sr-only">Corps de texte</div>
<div class="field__items">
<div class="field--item">
<div class="page-article--collapse-content clearfix">
<p>Un service de garde est organisé pour répondre aux besoins du public en dehors des jours d&#8217;ouverture généralement pratiqués par les officines dans une zone déterminée. Un service d&#8217;urgence est organisé pour répondre aux demandes urgentes en dehors des heures d&#8217;ouverture généralement pratiquées par ces officines.</p>
<p>La nuit contactez la Gendarmerie (17) avant de vous présenter à la pharmacie de garde.</p>
<p><a href="https://www.nouvelle-aquitaine.ars.sante.fr/pharmacies-de-garde-de-nuits-dimanches-et-jours-feries" target="_blank" rel="noopener">Pour connaître les pharmacies de garde cliquez ici</a></p>
<h3>&nbsp;</h3>
</div>
</div>
</div>
</div>
</div>

<p>Visits: 6720 La gestion de la politique régionale de santé est assurée par l&#8217;ARS. Dans ce cadre l&#8217;ARS gère la liste des pharmacie de garde. &nbsp; En dehors des horaires et des jours habituels d’ouverture, les pharmacies d’officine sont tenues d’assurer un service de garde et d’urgence pour répondre aux besoins du public. Corps de&hellip;</p>
<p class="more-link"><a href="https://www.aussac-vadalle.fr/?page_id=2817" class="themebutton">Read More</a></p>
