{"id":2844,"date":"2017-08-14T11:50:47","date_gmt":"2017-08-14T10:50:47","guid":{"rendered":"http:\/\/192.168.1.170\/aussac-vadalle\/?page_id=2844"},"modified":"2024-09-01T18:49:24","modified_gmt":"2024-09-01T16:49:24","slug":"lecole-elementaire-daussac-vadalle","status":"publish","type":"page","link":"https:\/\/www.aussac-vadalle.fr\/?page_id=2844","title":{"rendered":"L&#8217;\u00e9cole \u00c9l\u00e9mentaire d&#8217;Aussac-Vadalle"},"content":{"rendered":"<p>Visits: 2345<\/p><div><big>LA RENTREE<\/big><\/div>\n<div><\/div>\n<div>\n<div><\/div>\n<\/div>\n<div><strong>Rentr\u00e9e 2024 :<\/strong><\/div>\n<div><\/div>\n<div>L&#8217;\u00e9cole est organis\u00e9e en 2 classes de niveaux CE1 et CE2\/CM1.<\/div>\n<div><\/div>\n<div>M. Dorian GUEDON a en charge la classe de CE1 et il assure en outre la fonction de directeur.<br \/>\nMme Christine GIAT a en charge la classe de CE2\/CM1.<\/div>\n<div>Pour la rentr\u00e9e scolaire 2024 la pr\u00e9vision est\u00a0 de 44 \u00e9l\u00e8ves.<\/div>\n<div><\/div>\n<div><b>Horaires<\/b> : matin : 8H45 &#8211; 12h15<\/div>\n<div>\u00a0 \u00a0 \u00a0 \u00a0 \u00a0 \u00a0 \u00a0 \u00a0 \u00a0 \u00a0 \u00a0 apr\u00e8s-midi : 13h45 &#8211; 16h15<\/div>\n<div><\/div>\n<div>L\u2019accueil \u00e0 l\u2019\u00e9cole est assur\u00e9 \u00e0 partir de 8h35 le matin par les enseignants.<\/div>\n<div><\/div>\n<div>A partir de 7h00, une garderie est mise en place \u00e0 Anais.<\/div>\n<div><\/div>\n<div>Le soir une petite garderie est organis\u00e9e de la sortie des classes jusqu&#8217;au d\u00e9part du bus (voir horaires ci-dessous).<\/div>\n<div><\/div>\n<div>Une garderie est assur\u00e9e ensuite le soir\u00a0 sur Anais jusqu&#8217;\u00e0 19h00.<\/div>\n<div><\/div>\n<div>Les horaires de bus n&#8217;ont pas \u00e9t\u00e9 encore communiqu\u00e9s \u00e0 la mairie.<\/div>\n<div>Pour m\u00e9moire\u00a0 ci-dessous pour\u00a0 2023\/2024.<\/div>\n<div><img loading=\"lazy\" decoding=\"async\" class=\" wp-image-4617 alignleft\" src=\"https:\/\/www.aussac-vadalle.fr\/wp-content\/uploads\/2022\/08\/Horaires-de-la-navette-2022-2023-272x300.jpg\" alt=\"\" width=\"269\" height=\"297\" srcset=\"https:\/\/www.aussac-vadalle.fr\/wp-content\/uploads\/2022\/08\/Horaires-de-la-navette-2022-2023-272x300.jpg 272w, https:\/\/www.aussac-vadalle.fr\/wp-content\/uploads\/2022\/08\/Horaires-de-la-navette-2022-2023.jpg 559w\" sizes=\"(max-width: 269px) 100vw, 269px\" \/><\/div>\n<div>\n<p>&nbsp;<\/p>\n<p>&nbsp;<\/p>\n<p>&nbsp;<\/p>\n<p>&nbsp;<\/p>\n<p>&nbsp;<\/p>\n<p>&nbsp;<\/p>\n<p>&nbsp;<\/p>\n<p>&nbsp;<\/p>\n<p>&nbsp;<\/p>\n<p>Contacter l&#8217;\u00e9cole par t\u00e9l\u00e9phone :<\/p>\n<p>Directeur : <strong>05 45 20 68 39\u00a0 <\/strong><\/p>\n<p>Restaurant scolaire :<strong> 09 72 31 00 95<\/strong><\/p>\n<p><a href=\"https:\/\/www.aussac-vadalle.fr\/wp-content\/uploads\/2022\/08\/REGLEMENT-INTERIEUR-DES-TEMPS-PERISCOLAIRES.pdf\">REGLEMENT INTERIEUR DES TEMPS PERISCOLAIRES<\/a><\/p>\n<\/div>\n<div><\/div>\n","protected":false},"excerpt":{"rendered":"<p>Visits: 2345LA RENTREE Rentr\u00e9e 2024 : L&#8217;\u00e9cole est organis\u00e9e en 2 classes de niveaux CE1 et CE2\/CM1. M. Dorian GUEDON a en charge la classe de CE1 et il assure en outre la fonction de directeur. Mme Christine GIAT a en charge la classe de CE2\/CM1. Pour la rentr\u00e9e scolaire 2024 la pr\u00e9vision est\u00a0 de&hellip;<\/p>\n<p class=\"more-link\"><a href=\"https:\/\/www.aussac-vadalle.fr\/?page_id=2844\" class=\"themebutton\">Read More<\/a><\/p>\n","protected":false},"author":1,"featured_media":0,"parent":0,"menu_order":0,"comment_status":"closed","ping_status":"closed","template":"","meta":{"footnotes":""},"_links":{"self":[{"href":"https:\/\/www.aussac-vadalle.fr\/index.php?rest_route=\/wp\/v2\/pages\/2844"}],"collection":[{"href":"https:\/\/www.aussac-vadalle.fr\/index.php?rest_route=\/wp\/v2\/pages"}],"about":[{"href":"https:\/\/www.aussac-vadalle.fr\/index.php?rest_route=\/wp\/v2\/types\/page"}],"author":[{"embeddable":true,"href":"https:\/\/www.aussac-vadalle.fr\/index.php?rest_route=\/wp\/v2\/users\/1"}],"replies":[{"embeddable":true,"href":"https:\/\/www.aussac-vadalle.fr\/index.php?rest_route=%2Fwp%2Fv2%2Fcomments&post=2844"}],"version-history":[{"count":26,"href":"https:\/\/www.aussac-vadalle.fr\/index.php?rest_route=\/wp\/v2\/pages\/2844\/revisions"}],"predecessor-version":[{"id":5184,"href":"https:\/\/www.aussac-vadalle.fr\/index.php?rest_route=\/wp\/v2\/pages\/2844\/revisions\/5184"}],"wp:attachment":[{"href":"https:\/\/www.aussac-vadalle.fr\/index.php?rest_route=%2Fwp%2Fv2%2Fmedia&parent=2844"}],"curies":[{"name":"wp","href":"https:\/\/api.w.org\/{rel}","templated":true}]}}

L&#8217;école Élémentaire d&#8217;Aussac-Vadalle

<p>Visits: 2345</p><div><big>LA RENTREE</big></div>
<div></div>
<div>
<div></div>
</div>
<div><strong>Rentrée 2024 :</strong></div>
<div></div>
<div>L&#8217;école est organisée en 2 classes de niveaux CE1 et CE2/CM1.</div>
<div></div>
<div>M. Dorian GUEDON a en charge la classe de CE1 et il assure en outre la fonction de directeur.<br />
Mme Christine GIAT a en charge la classe de CE2/CM1.</div>
<div>Pour la rentrée scolaire 2024 la prévision est  de 44 élèves.</div>
<div></div>
<div><b>Horaires</b> : matin : 8H45 &#8211; 12h15</div>
<div>                      après-midi : 13h45 &#8211; 16h15</div>
<div></div>
<div>L’accueil à l’école est assuré à partir de 8h35 le matin par les enseignants.</div>
<div></div>
<div>A partir de 7h00, une garderie est mise en place à Anais.</div>
<div></div>
<div>Le soir une petite garderie est organisée de la sortie des classes jusqu&#8217;au départ du bus (voir horaires ci-dessous).</div>
<div></div>
<div>Une garderie est assurée ensuite le soir  sur Anais jusqu&#8217;à 19h00.</div>
<div></div>
<div>Les horaires de bus n&#8217;ont pas été encore communiqués à la mairie.</div>
<div>Pour mémoire  ci-dessous pour  2023/2024.</div>
<div><img loading="lazy" decoding="async" class=" wp-image-4617 alignleft" src="https://www.aussac-vadalle.fr/wp-content/uploads/2022/08/Horaires-de-la-navette-2022-2023-272x300.jpg" alt="" width="269" height="297" srcset="https://www.aussac-vadalle.fr/wp-content/uploads/2022/08/Horaires-de-la-navette-2022-2023-272x300.jpg 272w, https://www.aussac-vadalle.fr/wp-content/uploads/2022/08/Horaires-de-la-navette-2022-2023.jpg 559w" sizes="(max-width: 269px) 100vw, 269px" /></div>
<div>
<p>&nbsp;</p>
<p>&nbsp;</p>
<p>&nbsp;</p>
<p>&nbsp;</p>
<p>&nbsp;</p>
<p>&nbsp;</p>
<p>&nbsp;</p>
<p>&nbsp;</p>
<p>&nbsp;</p>
<p>Contacter l&#8217;école par téléphone :</p>
<p>Directeur : <strong>05 45 20 68 39  </strong></p>
<p>Restaurant scolaire :<strong> 09 72 31 00 95</strong></p>
<p><a href="https://www.aussac-vadalle.fr/wp-content/uploads/2022/08/REGLEMENT-INTERIEUR-DES-TEMPS-PERISCOLAIRES.pdf">REGLEMENT INTERIEUR DES TEMPS PERISCOLAIRES</a></p>
</div>
<div></div>

<p>Visits: 2345LA RENTREE Rentrée 2024 : L&#8217;école est organisée en 2 classes de niveaux CE1 et CE2/CM1. M. Dorian GUEDON a en charge la classe de CE1 et il assure en outre la fonction de directeur. Mme Christine GIAT a en charge la classe de CE2/CM1. Pour la rentrée scolaire 2024 la prévision est  de&hellip;</p>
<p class="more-link"><a href="https://www.aussac-vadalle.fr/?page_id=2844" class="themebutton">Read More</a></p>
