{"id":2882,"date":"2017-08-14T14:17:48","date_gmt":"2017-08-14T13:17:48","guid":{"rendered":"http:\/\/192.168.1.170\/aussac-vadalle\/?page_id=2882"},"modified":"2023-09-11T13:46:24","modified_gmt":"2023-09-11T11:46:24","slug":"les-associations","status":"publish","type":"page","link":"https:\/\/www.aussac-vadalle.fr\/?page_id=2882","title":{"rendered":"Les Associations"},"content":{"rendered":"<p>Visits: 7777<\/p><p>La vie associative est tr\u00e8s pr\u00e9sente avec\u00a0 7 associations\u00a0 qui animent la commune.<\/p>\n<p><img loading=\"lazy\" decoding=\"async\" class=\"alignleft wp-image-2642 \" src=\"https:\/\/www.aussac-vadalle.fr\/wp-content\/uploads\/2017\/08\/club08-1.gif\" alt=\"\" width=\"268\" height=\"201\" \/><\/p>\n<p>&nbsp;<\/p>\n<p>Un club des Ain\u00e9s tr\u00e8s dynamique organise<\/p>\n<p>de nombreuses animations destin\u00e9es aux personnes \u00e2g\u00e9es.<\/p>\n<p>C&#8217;est une t\u00e2che importante en milieu rural.<\/p>\n<p>&nbsp;<\/p>\n<p>&nbsp;<\/p>\n<p>&nbsp;<\/p>\n<p>&nbsp;<\/p>\n<p><img loading=\"lazy\" decoding=\"async\" class=\"wp-image-3288 alignright\" src=\"https:\/\/www.aussac-vadalle.fr\/wp-content\/uploads\/2016\/11\/affiche-web.jpg\" alt=\"\" width=\"245\" height=\"314\" srcset=\"https:\/\/www.aussac-vadalle.fr\/wp-content\/uploads\/2016\/11\/affiche-web.jpg 845w, https:\/\/www.aussac-vadalle.fr\/wp-content\/uploads\/2016\/11\/affiche-web-235x300.jpg 235w, https:\/\/www.aussac-vadalle.fr\/wp-content\/uploads\/2016\/11\/affiche-web-768x982.jpg 768w, https:\/\/www.aussac-vadalle.fr\/wp-content\/uploads\/2016\/11\/affiche-web-800x1024.jpg 800w\" sizes=\"(max-width: 245px) 100vw, 245px\" \/><\/p>\n<p>L&#8217;amicale des anciens combattants perp\u00e9tue le souvenir et organise<\/p>\n<p>les c\u00e9r\u00e9monies officielles en partenariat avec la municipalit\u00e9.<\/p>\n<p>Le monde de la chasse a connu de profondes \u00e9volutions au cours de son histoire. La plus marquante concerne son changement d&#8217;approche vis-\u00e0-vis de la\u00a0 nature et de ses ressources. L&#8217;\u00e8re de la chasse &#8220;cueillette&#8221; est r\u00e9volue. La chasse est r\u00e9solument entr\u00e9e dans une nouvelle \u00e8re de &#8220;gestion&#8221;. A ce titre, la Soci\u00e9t\u00e9 de Chasse travaille en coop\u00e9ration avec nombre d&#8217;interlocuteurs afin de sauvegarder la biodiversit\u00e9 et g\u00e9rer au mieux les populations sauvages. A ce titre ses membres sont \u00e0 l&#8217;\u00e9coute de Tous pour partager leurs exp\u00e9riences. Vous pouvez nous contacter sur : societechasseaussacvadalle@gmail.com<\/p>\n<p>L&#8217;AIPE regroupe les parents d&#8217;\u00e9l\u00e8ves des communes d&#8217;Anais, Tourriers et Aussac-Vadalle.\u00a0l&#8217;amicale a\u00a0d\u00e9cid\u00e9 de r\u00e9unir les parents dont les enfants\u00a0sont scolaris\u00e9s sur le RPI afin d&#8217;\u00eatre le plus\u00a0efficace possible.<\/p>\n<p>Chaque ann\u00e9e des Championnats internationaux, nationaux et r\u00e9gionaux de Tir sportif se d\u00e9roulent sur le stand de tir de Ravaud. C&#8217;est l&#8217;association Tir Sportif 16 qui d\u00e9veloppe cette activit\u00e9.<\/p>\n<p>&nbsp;<\/p>\n<p><img loading=\"lazy\" decoding=\"async\" class=\"alignleft wp-image-2682 size-full\" src=\"https:\/\/www.aussac-vadalle.fr\/wp-content\/uploads\/2017\/08\/YOGA.jpg\" alt=\"\" width=\"145\" height=\"121\" \/><\/p>\n<p>Le club de Yoga &#8220;Aussac-Vadalle \/ Tourriers &#8220;se r\u00e9unit au centre socio culturel tous les mardi de 17h00 \u00e0 18h15.<\/p>\n<p>Vous pouvez joindre M. Ren\u00e9 BALLET, pr\u00e9sident 05 45 20 30 81.<\/p>\n<p>pour d\u00e9couvrir l&#8217;Institut Fran\u00e7ais de Yoga <a href=\"https:\/\/www.aussac-vadalle.fr\/wp-content\/uploads\/2023\/09\/yoga2.pdf\">cliquez ici<\/a><\/p>\n<p>&nbsp;<\/p>\n<p><img loading=\"lazy\" decoding=\"async\" class=\"size-full wp-image-4096 alignleft\" src=\"https:\/\/www.aussac-vadalle.fr\/wp-content\/uploads\/2021\/06\/fitzu.jpg\" alt=\"\" width=\"151\" height=\"105\" \/><\/p>\n<p>Un autre rendez vous a \u00e9t\u00e9 initi\u00e9 en 2015 le jeudi, toujours dans les locaux du centre socio-culturel, mais il s&#8217;agit cette fois de remise en forme avec de 18h45 \u00e0 19h35 fitness et Zumba de 19h45 \u00e0 20h45. Sans oublier les Kids 1 de 17h00 \u00e0 17h45 et les kids 2 de 17h50 \u00e0 18h35.<\/p>\n<p style=\"text-align: center;\">Pour en savoir plus sur les <a href=\"https:\/\/www.aussac-vadalle.fr\/wp-content\/uploads\/2021\/06\/kids.pdf\">kids<\/a> et sur le <a href=\"https:\/\/www.aussac-vadalle.fr\/wp-content\/uploads\/2021\/06\/fitness.pdf\">fitness<\/a><\/p>\n","protected":false},"excerpt":{"rendered":"<p>Visits: 7777La vie associative est tr\u00e8s pr\u00e9sente avec\u00a0 7 associations\u00a0 qui animent la commune. &nbsp; Un club des Ain\u00e9s tr\u00e8s dynamique organise de nombreuses animations destin\u00e9es aux personnes \u00e2g\u00e9es. C&#8217;est une t\u00e2che importante en milieu rural. &nbsp; &nbsp; &nbsp; &nbsp; L&#8217;amicale des anciens combattants perp\u00e9tue le souvenir et organise les c\u00e9r\u00e9monies officielles en partenariat avec&hellip;<\/p>\n<p class=\"more-link\"><a href=\"https:\/\/www.aussac-vadalle.fr\/?page_id=2882\" class=\"themebutton\">Read More<\/a><\/p>\n","protected":false},"author":1,"featured_media":0,"parent":0,"menu_order":0,"comment_status":"closed","ping_status":"closed","template":"","meta":{"footnotes":""},"_links":{"self":[{"href":"https:\/\/www.aussac-vadalle.fr\/index.php?rest_route=\/wp\/v2\/pages\/2882"}],"collection":[{"href":"https:\/\/www.aussac-vadalle.fr\/index.php?rest_route=\/wp\/v2\/pages"}],"about":[{"href":"https:\/\/www.aussac-vadalle.fr\/index.php?rest_route=\/wp\/v2\/types\/page"}],"author":[{"embeddable":true,"href":"https:\/\/www.aussac-vadalle.fr\/index.php?rest_route=\/wp\/v2\/users\/1"}],"replies":[{"embeddable":true,"href":"https:\/\/www.aussac-vadalle.fr\/index.php?rest_route=%2Fwp%2Fv2%2Fcomments&post=2882"}],"version-history":[{"count":12,"href":"https:\/\/www.aussac-vadalle.fr\/index.php?rest_route=\/wp\/v2\/pages\/2882\/revisions"}],"predecessor-version":[{"id":4930,"href":"https:\/\/www.aussac-vadalle.fr\/index.php?rest_route=\/wp\/v2\/pages\/2882\/revisions\/4930"}],"wp:attachment":[{"href":"https:\/\/www.aussac-vadalle.fr\/index.php?rest_route=%2Fwp%2Fv2%2Fmedia&parent=2882"}],"curies":[{"name":"wp","href":"https:\/\/api.w.org\/{rel}","templated":true}]}}

<p>Visits: 7777</p><p>La vie associative est très présente avec  7 associations  qui animent la commune.</p>
<p><img loading="lazy" decoding="async" class="alignleft wp-image-2642 " src="https://www.aussac-vadalle.fr/wp-content/uploads/2017/08/club08-1.gif" alt="" width="268" height="201" /></p>
<p>&nbsp;</p>
<p>Un club des Ainés très dynamique organise</p>
<p>de nombreuses animations destinées aux personnes âgées.</p>
<p>C&#8217;est une tâche importante en milieu rural.</p>
<p>&nbsp;</p>
<p>&nbsp;</p>
<p>&nbsp;</p>
<p>&nbsp;</p>
<p><img loading="lazy" decoding="async" class="wp-image-3288 alignright" src="https://www.aussac-vadalle.fr/wp-content/uploads/2016/11/affiche-web.jpg" alt="" width="245" height="314" srcset="https://www.aussac-vadalle.fr/wp-content/uploads/2016/11/affiche-web.jpg 845w, https://www.aussac-vadalle.fr/wp-content/uploads/2016/11/affiche-web-235x300.jpg 235w, https://www.aussac-vadalle.fr/wp-content/uploads/2016/11/affiche-web-768x982.jpg 768w, https://www.aussac-vadalle.fr/wp-content/uploads/2016/11/affiche-web-800x1024.jpg 800w" sizes="(max-width: 245px) 100vw, 245px" /></p>
<p>L&#8217;amicale des anciens combattants perpétue le souvenir et organise</p>
<p>les cérémonies officielles en partenariat avec la municipalité.</p>
<p>Le monde de la chasse a connu de profondes évolutions au cours de son histoire. La plus marquante concerne son changement d&#8217;approche vis-à-vis de la  nature et de ses ressources. L&#8217;ère de la chasse &#8220;cueillette&#8221; est révolue. La chasse est résolument entrée dans une nouvelle ère de &#8220;gestion&#8221;. A ce titre, la Société de Chasse travaille en coopération avec nombre d&#8217;interlocuteurs afin de sauvegarder la biodiversité et gérer au mieux les populations sauvages. A ce titre ses membres sont à l&#8217;écoute de Tous pour partager leurs expériences. Vous pouvez nous contacter sur : societechasseaussacvadalle@gmail.com</p>
<p>L&#8217;AIPE regroupe les parents d&#8217;élèves des communes d&#8217;Anais, Tourriers et Aussac-Vadalle. l&#8217;amicale a décidé de réunir les parents dont les enfants sont scolarisés sur le RPI afin d&#8217;être le plus efficace possible.</p>
<p>Chaque année des Championnats internationaux, nationaux et régionaux de Tir sportif se déroulent sur le stand de tir de Ravaud. C&#8217;est l&#8217;association Tir Sportif 16 qui développe cette activité.</p>
<p>&nbsp;</p>
<p><img loading="lazy" decoding="async" class="alignleft wp-image-2682 size-full" src="https://www.aussac-vadalle.fr/wp-content/uploads/2017/08/YOGA.jpg" alt="" width="145" height="121" /></p>
<p>Le club de Yoga &#8220;Aussac-Vadalle / Tourriers &#8220;se réunit au centre socio culturel tous les mardi de 17h00 à 18h15.</p>
<p>Vous pouvez joindre M. René BALLET, président 05 45 20 30 81.</p>
<p>pour découvrir l&#8217;Institut Français de Yoga <a href="https://www.aussac-vadalle.fr/wp-content/uploads/2023/09/yoga2.pdf">cliquez ici</a></p>
<p>&nbsp;</p>
<p><img loading="lazy" decoding="async" class="size-full wp-image-4096 alignleft" src="https://www.aussac-vadalle.fr/wp-content/uploads/2021/06/fitzu.jpg" alt="" width="151" height="105" /></p>
<p>Un autre rendez vous a été initié en 2015 le jeudi, toujours dans les locaux du centre socio-culturel, mais il s&#8217;agit cette fois de remise en forme avec de 18h45 à 19h35 fitness et Zumba de 19h45 à 20h45. Sans oublier les Kids 1 de 17h00 à 17h45 et les kids 2 de 17h50 à 18h35.</p>
<p style="text-align: center;">Pour en savoir plus sur les <a href="https://www.aussac-vadalle.fr/wp-content/uploads/2021/06/kids.pdf">kids</a> et sur le <a href="https://www.aussac-vadalle.fr/wp-content/uploads/2021/06/fitness.pdf">fitness</a></p>

<p>Visits: 7777La vie associative est très présente avec  7 associations  qui animent la commune. &nbsp; Un club des Ainés très dynamique organise de nombreuses animations destinées aux personnes âgées. C&#8217;est une tâche importante en milieu rural. &nbsp; &nbsp; &nbsp; &nbsp; L&#8217;amicale des anciens combattants perpétue le souvenir et organise les cérémonies officielles en partenariat avec&hellip;</p>
<p class="more-link"><a href="https://www.aussac-vadalle.fr/?page_id=2882" class="themebutton">Read More</a></p>
