{"id":2885,"date":"2017-08-14T14:23:54","date_gmt":"2017-08-14T13:23:54","guid":{"rendered":"http:\/\/192.168.1.170\/aussac-vadalle\/?page_id=2885"},"modified":"2024-09-14T17:42:26","modified_gmt":"2024-09-14T15:42:26","slug":"2885-2","status":"publish","type":"page","link":"https:\/\/www.aussac-vadalle.fr\/?page_id=2885","title":{"rendered":"\u00c9conomie"},"content":{"rendered":"<p>Visits: 1359<\/p><p>Le d\u00e9veloppement de l&#8217;activit\u00e9 \u00e9conomique est maintenant confi\u00e9 \u00e0 la communaut\u00e9 de communes de C\u0153ur de Charente, qui g\u00e8re les grandes zones d\u2019activit\u00e9s situ\u00e9es \u00e0 proximit\u00e9 d&#8217;Aussac-Vadalle.<\/p>\r\n<p>L\u2019activit\u00e9 \u00e9conomique principale est l\u2019agriculture, bien que l\u2019on trouve une entreprise de transport, une carri\u00e8re et le restaurant &#8220;La Belle Cantini\u00e8re&#8221;. Une dizaine d&#8217;autres activit\u00e9s artisanales et commerciales compl\u00e8tent le panorama de l&#8217;\u00e9conomie <img loading=\"lazy\" decoding=\"async\" class=\"wp-image-3174 alignright\" src=\"https:\/\/www.aussac-vadalle.fr\/wp-content\/uploads\/2017\/08\/DFL.jpg\" alt=\"\" width=\"345\" height=\"100\" srcset=\"https:\/\/www.aussac-vadalle.fr\/wp-content\/uploads\/2017\/08\/DFL.jpg 1828w, https:\/\/www.aussac-vadalle.fr\/wp-content\/uploads\/2017\/08\/DFL-300x87.jpg 300w, https:\/\/www.aussac-vadalle.fr\/wp-content\/uploads\/2017\/08\/DFL-768x223.jpg 768w, https:\/\/www.aussac-vadalle.fr\/wp-content\/uploads\/2017\/08\/DFL-1024x297.jpg 1024w\" sizes=\"(max-width: 345px) 100vw, 345px\" \/>locale.Nous accueillons \u00e9galement une entreprise artisanale qui utilise un site de <a href=\"http:\/\/www.confiture-songeduverger.com\/\" target=\"_blank\" rel=\"noopener noreferrer\"><strong>e-commerce<\/strong><\/a>.<\/p>\r\n<hr \/>\r\n<p>&nbsp;<\/p>\r\n<p>Un multiple rural <strong>l\u2019\u00c9picerie &#8220;Au Passage&#8221;<\/strong>\u00a0 assure tous les jours sauf le lundi un service d&#8217;\u00e9picerie, bar, tabac, gaz. Pour joindre le multiple t\u00e9l\u00e9phonez au <em><strong>05 45 20 61 61<\/strong><\/em><\/p>\r\n<hr \/>\r\n<p>Notre commune accueille \u00e9galement Un <strong>paysagiste<\/strong> Greg SOISSON qui assure pour vous l&#8217;entretien de votre Jardin et vous prodigue des conseils <img loading=\"lazy\" decoding=\"async\" class=\"alignright wp-image-3975\" src=\"https:\/\/www.aussac-vadalle.fr\/wp-content\/uploads\/2021\/03\/greg.jpg\" alt=\"\" width=\"159\" height=\"218\" srcset=\"https:\/\/www.aussac-vadalle.fr\/wp-content\/uploads\/2021\/03\/greg.jpg 564w, https:\/\/www.aussac-vadalle.fr\/wp-content\/uploads\/2021\/03\/greg-219x300.jpg 219w\" sizes=\"(max-width: 159px) 100vw, 159px\" \/>pour un jardin (\u00e9co)logique&#8230;.<\/p>\r\n<p>Vous pouvez le joindre au <strong>06.35.21.10.72<\/strong><\/p>\r\n<p>&nbsp;<\/p>\r\n<p>&nbsp;<\/p>\r\n<hr \/>\r\n<p>Didier RICHARD vous accueille pour la r\u00e9alisation de votre Agencement <img loading=\"lazy\" decoding=\"async\" class=\"wp-image-3977 alignleft\" src=\"https:\/\/www.aussac-vadalle.fr\/wp-content\/uploads\/2021\/03\/didier.jpg\" alt=\"\" width=\"197\" height=\"127\" srcset=\"https:\/\/www.aussac-vadalle.fr\/wp-content\/uploads\/2021\/03\/didier.jpg 454w, https:\/\/www.aussac-vadalle.fr\/wp-content\/uploads\/2021\/03\/didier-300x194.jpg 300w\" sizes=\"(max-width: 197px) 100vw, 197px\" \/>d&#8217;Int\u00e9rieur ou d&#8217;ext\u00e9rieur au <strong>06 03 17 56 71<\/strong><\/p>\r\n<p>999, route de Paris les ouches de la For\u00eat 16560 Aussac-Vadalle<\/p>\r\n<p>&nbsp;<\/p>\r\n<hr \/>\r\n<p>&nbsp;<\/p>\r\n<p>Laura R\u00e9gner s&#8217;est install\u00e9e sur Aussac-Vadalle en qualit\u00e9 d&#8217;ost\u00e9opathe animalier.<\/p>\r\n<p>La Charente Libre a salu\u00e9 son parcours exemplaire et sa r\u00e9ussite \u00e0 l&#8217;ensemble des dipl\u00f4mes exig\u00e9s pour cette pratique.<\/p>\r\n<p>Nous lui souhaitons une belle r\u00e9ussite professionnelle.<\/p>\r\n<p><img loading=\"lazy\" decoding=\"async\" class=\"size-full wp-image-5195\" src=\"https:\/\/www.aussac-vadalle.fr\/wp-content\/uploads\/2024\/09\/regner.jpg\" alt=\"\" width=\"500\" height=\"261\" srcset=\"https:\/\/www.aussac-vadalle.fr\/wp-content\/uploads\/2024\/09\/regner.jpg 500w, https:\/\/www.aussac-vadalle.fr\/wp-content\/uploads\/2024\/09\/regner-300x157.jpg 300w\" sizes=\"(max-width: 500px) 100vw, 500px\" \/><\/p>\r\n<p>Contact 06 77 72 27 33 laura.regnerpro@gmail.com<\/p>\r\n<hr \/>\r\n<p>&nbsp;<\/p>\r\n<p>&nbsp;<\/p>\r\n<p>r\u00e9dig\u00e9 par G.Liot<\/p>\r\n\r\n<p>&nbsp;<\/p>\r\n","protected":false},"excerpt":{"rendered":"<p>Visits: 1359 Le d\u00e9veloppement de l&#8217;activit\u00e9 \u00e9conomique est maintenant confi\u00e9 \u00e0 la communaut\u00e9 de communes de C\u0153ur de Charente, qui g\u00e8re les grandes zones d\u2019activit\u00e9s situ\u00e9es \u00e0 proximit\u00e9 d&#8217;Aussac-Vadalle. L\u2019activit\u00e9 \u00e9conomique principale est l\u2019agriculture, bien que l\u2019on trouve une entreprise de transport, une carri\u00e8re et le restaurant &#8220;La Belle Cantini\u00e8re&#8221;. Une dizaine d&#8217;autres activit\u00e9s artisanales&hellip;<\/p>\n<p class=\"more-link\"><a href=\"https:\/\/www.aussac-vadalle.fr\/?page_id=2885\" class=\"themebutton\">Read More<\/a><\/p>\n","protected":false},"author":1,"featured_media":0,"parent":0,"menu_order":0,"comment_status":"closed","ping_status":"closed","template":"","meta":{"footnotes":""},"_links":{"self":[{"href":"https:\/\/www.aussac-vadalle.fr\/index.php?rest_route=\/wp\/v2\/pages\/2885"}],"collection":[{"href":"https:\/\/www.aussac-vadalle.fr\/index.php?rest_route=\/wp\/v2\/pages"}],"about":[{"href":"https:\/\/www.aussac-vadalle.fr\/index.php?rest_route=\/wp\/v2\/types\/page"}],"author":[{"embeddable":true,"href":"https:\/\/www.aussac-vadalle.fr\/index.php?rest_route=\/wp\/v2\/users\/1"}],"replies":[{"embeddable":true,"href":"https:\/\/www.aussac-vadalle.fr\/index.php?rest_route=%2Fwp%2Fv2%2Fcomments&post=2885"}],"version-history":[{"count":14,"href":"https:\/\/www.aussac-vadalle.fr\/index.php?rest_route=\/wp\/v2\/pages\/2885\/revisions"}],"predecessor-version":[{"id":5196,"href":"https:\/\/www.aussac-vadalle.fr\/index.php?rest_route=\/wp\/v2\/pages\/2885\/revisions\/5196"}],"wp:attachment":[{"href":"https:\/\/www.aussac-vadalle.fr\/index.php?rest_route=%2Fwp%2Fv2%2Fmedia&parent=2885"}],"curies":[{"name":"wp","href":"https:\/\/api.w.org\/{rel}","templated":true}]}}

Économie

<p>Visits: 1359</p><p>Le développement de l&#8217;activité économique est maintenant confié à la communauté de communes de Cœur de Charente, qui gère les grandes zones d’activités situées à proximité d&#8217;Aussac-Vadalle.</p>
<p>L’activité économique principale est l’agriculture, bien que l’on trouve une entreprise de transport, une carrière et le restaurant &#8220;La Belle Cantinière&#8221;. Une dizaine d&#8217;autres activités artisanales et commerciales complètent le panorama de l&#8217;économie <img loading="lazy" decoding="async" class="wp-image-3174 alignright" src="https://www.aussac-vadalle.fr/wp-content/uploads/2017/08/DFL.jpg" alt="" width="345" height="100" srcset="https://www.aussac-vadalle.fr/wp-content/uploads/2017/08/DFL.jpg 1828w, https://www.aussac-vadalle.fr/wp-content/uploads/2017/08/DFL-300x87.jpg 300w, https://www.aussac-vadalle.fr/wp-content/uploads/2017/08/DFL-768x223.jpg 768w, https://www.aussac-vadalle.fr/wp-content/uploads/2017/08/DFL-1024x297.jpg 1024w" sizes="(max-width: 345px) 100vw, 345px" />locale.Nous accueillons également une entreprise artisanale qui utilise un site de <a href="http://www.confiture-songeduverger.com/" target="_blank" rel="noopener noreferrer"><strong>e-commerce</strong></a>.</p>
<hr />
<p>&nbsp;</p>
<p>Un multiple rural <strong>l’Épicerie &#8220;Au Passage&#8221;</strong>  assure tous les jours sauf le lundi un service d&#8217;épicerie, bar, tabac, gaz. Pour joindre le multiple téléphonez au <em><strong>05 45 20 61 61</strong></em></p>
<hr />
<p>Notre commune accueille également Un <strong>paysagiste</strong> Greg SOISSON qui assure pour vous l&#8217;entretien de votre Jardin et vous prodigue des conseils <img loading="lazy" decoding="async" class="alignright wp-image-3975" src="https://www.aussac-vadalle.fr/wp-content/uploads/2021/03/greg.jpg" alt="" width="159" height="218" srcset="https://www.aussac-vadalle.fr/wp-content/uploads/2021/03/greg.jpg 564w, https://www.aussac-vadalle.fr/wp-content/uploads/2021/03/greg-219x300.jpg 219w" sizes="(max-width: 159px) 100vw, 159px" />pour un jardin (éco)logique&#8230;.</p>
<p>Vous pouvez le joindre au <strong>06.35.21.10.72</strong></p>
<p>&nbsp;</p>
<p>&nbsp;</p>
<hr />
<p>Didier RICHARD vous accueille pour la réalisation de votre Agencement <img loading="lazy" decoding="async" class="wp-image-3977 alignleft" src="https://www.aussac-vadalle.fr/wp-content/uploads/2021/03/didier.jpg" alt="" width="197" height="127" srcset="https://www.aussac-vadalle.fr/wp-content/uploads/2021/03/didier.jpg 454w, https://www.aussac-vadalle.fr/wp-content/uploads/2021/03/didier-300x194.jpg 300w" sizes="(max-width: 197px) 100vw, 197px" />d&#8217;Intérieur ou d&#8217;extérieur au <strong>06 03 17 56 71</strong></p>
<p>999, route de Paris les ouches de la Forêt 16560 Aussac-Vadalle</p>
<p>&nbsp;</p>
<hr />
<p>&nbsp;</p>
<p>Laura Régner s&#8217;est installée sur Aussac-Vadalle en qualité d&#8217;ostéopathe animalier.</p>
<p>La Charente Libre a salué son parcours exemplaire et sa réussite à l&#8217;ensemble des diplômes exigés pour cette pratique.</p>
<p>Nous lui souhaitons une belle réussite professionnelle.</p>
<p><img loading="lazy" decoding="async" class="size-full wp-image-5195" src="https://www.aussac-vadalle.fr/wp-content/uploads/2024/09/regner.jpg" alt="" width="500" height="261" srcset="https://www.aussac-vadalle.fr/wp-content/uploads/2024/09/regner.jpg 500w, https://www.aussac-vadalle.fr/wp-content/uploads/2024/09/regner-300x157.jpg 300w" sizes="(max-width: 500px) 100vw, 500px" /></p>
<p>Contact 06 77 72 27 33 laura.regnerpro@gmail.com</p>
<hr />
<p>&nbsp;</p>
<p>&nbsp;</p>
<p>rédigé par G.Liot</p>

<p>&nbsp;</p>

<p>Visits: 1359 Le développement de l&#8217;activité économique est maintenant confié à la communauté de communes de Cœur de Charente, qui gère les grandes zones d’activités situées à proximité d&#8217;Aussac-Vadalle. L’activité économique principale est l’agriculture, bien que l’on trouve une entreprise de transport, une carrière et le restaurant &#8220;La Belle Cantinière&#8221;. Une dizaine d&#8217;autres activités artisanales&hellip;</p>
<p class="more-link"><a href="https://www.aussac-vadalle.fr/?page_id=2885" class="themebutton">Read More</a></p>
