{"id":2888,"date":"2017-08-14T14:38:52","date_gmt":"2017-08-14T13:38:52","guid":{"rendered":"http:\/\/192.168.1.170\/aussac-vadalle\/?page_id=2888"},"modified":"2023-06-16T12:17:26","modified_gmt":"2023-06-16T10:17:26","slug":"les-services-a-la-personne","status":"publish","type":"page","link":"https:\/\/www.aussac-vadalle.fr\/?page_id=2888","title":{"rendered":"Les services \u00e0 la personne"},"content":{"rendered":"<p>Visits: 1761<\/p><p><img loading=\"lazy\" decoding=\"async\" class=\"wp-image-2890 size-full alignleft\" src=\"https:\/\/www.aussac-vadalle.fr\/wp-content\/uploads\/2017\/08\/enfant.jpg\" alt=\"\" width=\"775\" height=\"112\" srcset=\"https:\/\/www.aussac-vadalle.fr\/wp-content\/uploads\/2017\/08\/enfant.jpg 775w, https:\/\/www.aussac-vadalle.fr\/wp-content\/uploads\/2017\/08\/enfant-300x43.jpg 300w, https:\/\/www.aussac-vadalle.fr\/wp-content\/uploads\/2017\/08\/enfant-768x111.jpg 768w, https:\/\/www.aussac-vadalle.fr\/wp-content\/uploads\/2017\/08\/enfant-600x87.jpg 600w\" sizes=\"(max-width: 775px) 100vw, 775px\" \/><\/p>\n<p>&nbsp;<\/p>\n<p>&nbsp;<\/p>\n<p>&nbsp;<\/p>\n<p>&nbsp;<\/p>\n<p><span class=\"GramE\">Les <span style=\"color: #000000;\">Assistantes Maternelles Agr\u00e9es sont g\u00e9r\u00e9es par le Conseil D\u00e9partemental de la Charente.<\/span><\/span><\/p>\n<p><span style=\"color: #000000;\"><span class=\"GramE\"><a href=\"https:\/\/www.lacharente.fr\/acces-direct\/annuaire-des-assistantes-maternelles\/\" target=\"_blank\" rel=\"noopener noreferrer\">En cliquant ici <\/a>vous aurez la liste \u00e0 jour<\/span>.<\/span><\/p>\n<p><span style=\"color: #000000;\">Pour obtenir des informations compl\u00e9mentaires acc\u00e9der au Site pour l&#8217;accueil et la garde des enfants mis \u00e0 disposition des familles pour leur permettre de trouver toute l&#8217;information sur l&#8217;accueil des enfants et les diff\u00e9rents modes de garde. <a href=\"http:\/\/www.mon-enfant.fr\/\" target=\"_blank\" rel=\"noopener noreferrer\"><strong>voir le site<\/strong><\/a><\/span><\/p>\n<hr \/>\n<h1><span style=\"font-size: 14pt; color: #000000;\"><span style=\"font-size: 12pt;\">Pr\u00e9sence Verte Charente : Portage de repas \u00e0 domicile, soins aux personnes, etc.<\/span><\/span><\/h1>\n<p><a href=\"https:\/\/www.aussac-vadalle.fr\/wp-content\/uploads\/2023\/06\/Presence-verte-Plaquette-2023-1.pdf\">T\u00e9l\u00e9charger la plaquette<\/a><\/p>\n<p><a href=\"https:\/\/presence-verte-charente.fr\/\">Acc\u00e9der au site Internet<\/a><\/p>\n<hr \/>\n<p><span style=\"color: #000000;\">ADMR de la Charente : Les services \u00e0 la personne<\/span><\/p>\n<p><span style=\"color: #000000;\"><a href=\"https:\/\/www.admr.org\/associations\/federation-admr-de-charente\" target=\"_blank\" rel=\"noopener noreferrer\">Acc\u00e9der au site Internet<\/a><\/span><\/p>\n<hr \/>\n<p><span style=\"color: #000000;\">Les Jardins d&#8217;Iroise : Portage de repas.<\/span><\/p>\n<p><span style=\"color: #000000;\"><a href=\"https:\/\/www.iroise-repas.fr\/etablissements\/mansle\/\" target=\"_blank\" rel=\"noopener noreferrer\">Acc\u00e9der au site<\/a><\/span><\/p>\n","protected":false},"excerpt":{"rendered":"<p>Visits: 1761 &nbsp; &nbsp; &nbsp; &nbsp; Les Assistantes Maternelles Agr\u00e9es sont g\u00e9r\u00e9es par le Conseil D\u00e9partemental de la Charente. En cliquant ici vous aurez la liste \u00e0 jour. Pour obtenir des informations compl\u00e9mentaires acc\u00e9der au Site pour l&#8217;accueil et la garde des enfants mis \u00e0 disposition des familles pour leur permettre de trouver toute l&#8217;information&hellip;<\/p>\n<p class=\"more-link\"><a href=\"https:\/\/www.aussac-vadalle.fr\/?page_id=2888\" class=\"themebutton\">Read More<\/a><\/p>\n","protected":false},"author":1,"featured_media":0,"parent":0,"menu_order":0,"comment_status":"closed","ping_status":"closed","template":"","meta":{"footnotes":""},"_links":{"self":[{"href":"https:\/\/www.aussac-vadalle.fr\/index.php?rest_route=\/wp\/v2\/pages\/2888"}],"collection":[{"href":"https:\/\/www.aussac-vadalle.fr\/index.php?rest_route=\/wp\/v2\/pages"}],"about":[{"href":"https:\/\/www.aussac-vadalle.fr\/index.php?rest_route=\/wp\/v2\/types\/page"}],"author":[{"embeddable":true,"href":"https:\/\/www.aussac-vadalle.fr\/index.php?rest_route=\/wp\/v2\/users\/1"}],"replies":[{"embeddable":true,"href":"https:\/\/www.aussac-vadalle.fr\/index.php?rest_route=%2Fwp%2Fv2%2Fcomments&post=2888"}],"version-history":[{"count":10,"href":"https:\/\/www.aussac-vadalle.fr\/index.php?rest_route=\/wp\/v2\/pages\/2888\/revisions"}],"predecessor-version":[{"id":4888,"href":"https:\/\/www.aussac-vadalle.fr\/index.php?rest_route=\/wp\/v2\/pages\/2888\/revisions\/4888"}],"wp:attachment":[{"href":"https:\/\/www.aussac-vadalle.fr\/index.php?rest_route=%2Fwp%2Fv2%2Fmedia&parent=2888"}],"curies":[{"name":"wp","href":"https:\/\/api.w.org\/{rel}","templated":true}]}}

Les services à la personne

<p>Visits: 1761</p><p><img loading="lazy" decoding="async" class="wp-image-2890 size-full alignleft" src="https://www.aussac-vadalle.fr/wp-content/uploads/2017/08/enfant.jpg" alt="" width="775" height="112" srcset="https://www.aussac-vadalle.fr/wp-content/uploads/2017/08/enfant.jpg 775w, https://www.aussac-vadalle.fr/wp-content/uploads/2017/08/enfant-300x43.jpg 300w, https://www.aussac-vadalle.fr/wp-content/uploads/2017/08/enfant-768x111.jpg 768w, https://www.aussac-vadalle.fr/wp-content/uploads/2017/08/enfant-600x87.jpg 600w" sizes="(max-width: 775px) 100vw, 775px" /></p>
<p>&nbsp;</p>
<p>&nbsp;</p>
<p>&nbsp;</p>
<p>&nbsp;</p>
<p><span class="GramE">Les <span style="color: #000000;">Assistantes Maternelles Agrées sont gérées par le Conseil Départemental de la Charente.</span></span></p>
<p><span style="color: #000000;"><span class="GramE"><a href="https://www.lacharente.fr/acces-direct/annuaire-des-assistantes-maternelles/" target="_blank" rel="noopener noreferrer">En cliquant ici </a>vous aurez la liste à jour</span>.</span></p>
<p><span style="color: #000000;">Pour obtenir des informations complémentaires accéder au Site pour l&#8217;accueil et la garde des enfants mis à disposition des familles pour leur permettre de trouver toute l&#8217;information sur l&#8217;accueil des enfants et les différents modes de garde. <a href="http://www.mon-enfant.fr/" target="_blank" rel="noopener noreferrer"><strong>voir le site</strong></a></span></p>
<hr />
<h1><span style="font-size: 14pt; color: #000000;"><span style="font-size: 12pt;">Présence Verte Charente : Portage de repas à domicile, soins aux personnes, etc.</span></span></h1>
<p><a href="https://www.aussac-vadalle.fr/wp-content/uploads/2023/06/Presence-verte-Plaquette-2023-1.pdf">Télécharger la plaquette</a></p>
<p><a href="https://presence-verte-charente.fr/">Accéder au site Internet</a></p>
<hr />
<p><span style="color: #000000;">ADMR de la Charente : Les services à la personne</span></p>
<p><span style="color: #000000;"><a href="https://www.admr.org/associations/federation-admr-de-charente" target="_blank" rel="noopener noreferrer">Accéder au site Internet</a></span></p>
<hr />
<p><span style="color: #000000;">Les Jardins d&#8217;Iroise : Portage de repas.</span></p>
<p><span style="color: #000000;"><a href="https://www.iroise-repas.fr/etablissements/mansle/" target="_blank" rel="noopener noreferrer">Accéder au site</a></span></p>

<p>Visits: 1761 &nbsp; &nbsp; &nbsp; &nbsp; Les Assistantes Maternelles Agrées sont gérées par le Conseil Départemental de la Charente. En cliquant ici vous aurez la liste à jour. Pour obtenir des informations complémentaires accéder au Site pour l&#8217;accueil et la garde des enfants mis à disposition des familles pour leur permettre de trouver toute l&#8217;information&hellip;</p>
<p class="more-link"><a href="https://www.aussac-vadalle.fr/?page_id=2888" class="themebutton">Read More</a></p>
