{"id":4175,"date":"2021-10-11T16:52:48","date_gmt":"2021-10-11T14:52:48","guid":{"rendered":"https:\/\/www.aussac-vadalle.fr\/?page_id=4175"},"modified":"2021-10-11T16:52:48","modified_gmt":"2021-10-11T14:52:48","slug":"sivos-atav","status":"publish","type":"page","link":"https:\/\/www.aussac-vadalle.fr\/?page_id=4175","title":{"rendered":"SIVOS ATAV"},"content":{"rendered":"<p>Visits: 465<\/p><p>Le Sivos ATAV regroupe les communes d&#8217;Anais , de Tourriers et d&#8217;Aussac-Vadalle. Son r\u00f4le est d&#8217;assurer la gestion mutualis\u00e9e de l&#8217;\u00e9cole maternelle dont les locaux se situent \u00e0 Anais dans le groupement scolaire de la commune.<\/p>\n<p>L&#8217;\u00e9cole maternelle se compose d&#8217;une petite section et d&#8217;une moyenne section compl\u00e9t\u00e9es par une toute petite section en fonction des effectifs.<\/p>\n<p>Pour conna\u00eetre un peu mieux les sp\u00e9cificit\u00e9s des \u00e9coles maternelles vous pouvez <a href=\"https:\/\/www.education.gouv.fr\/l-ecole-maternelle-11534\" target=\"_blank\" rel=\"noopener noreferrer\">cliquer ici<\/a><\/p>\n<p>Le Sivos ATAV g\u00e8re l&#8217;\u00e9cole maternelle, la garderie du matin et du soir et le transport en bus entre les \u00e9coles d&#8217;Anais, de Tourriers et d&#8217;Aussac-Vadalle le matin et le soir.<\/p>\n<p>Vous pouvez joindre le secr\u00e9tariat du SIVOS au : <b>09.64.01.21.45 <\/b>ou par courriel <b>: sivos-atav@orange.fr<\/b><\/p>\n<p>Un accueil est assur\u00e9 tous les mercredi apr\u00e8s-midi de 13h30 \u00e0 17h30.<\/p>\n","protected":false},"excerpt":{"rendered":"<p>Visits: 465Le Sivos ATAV regroupe les communes d&#8217;Anais , de Tourriers et d&#8217;Aussac-Vadalle. Son r\u00f4le est d&#8217;assurer la gestion mutualis\u00e9e de l&#8217;\u00e9cole maternelle dont les locaux se situent \u00e0 Anais dans le groupement scolaire de la commune. L&#8217;\u00e9cole maternelle se compose d&#8217;une petite section et d&#8217;une moyenne section compl\u00e9t\u00e9es par une toute petite section en&hellip;<\/p>\n<p class=\"more-link\"><a href=\"https:\/\/www.aussac-vadalle.fr\/?page_id=4175\" class=\"themebutton\">Read More<\/a><\/p>\n","protected":false},"author":1,"featured_media":0,"parent":0,"menu_order":0,"comment_status":"closed","ping_status":"closed","template":"","meta":{"footnotes":""},"_links":{"self":[{"href":"https:\/\/www.aussac-vadalle.fr\/index.php?rest_route=\/wp\/v2\/pages\/4175"}],"collection":[{"href":"https:\/\/www.aussac-vadalle.fr\/index.php?rest_route=\/wp\/v2\/pages"}],"about":[{"href":"https:\/\/www.aussac-vadalle.fr\/index.php?rest_route=\/wp\/v2\/types\/page"}],"author":[{"embeddable":true,"href":"https:\/\/www.aussac-vadalle.fr\/index.php?rest_route=\/wp\/v2\/users\/1"}],"replies":[{"embeddable":true,"href":"https:\/\/www.aussac-vadalle.fr\/index.php?rest_route=%2Fwp%2Fv2%2Fcomments&post=4175"}],"version-history":[{"count":1,"href":"https:\/\/www.aussac-vadalle.fr\/index.php?rest_route=\/wp\/v2\/pages\/4175\/revisions"}],"predecessor-version":[{"id":4176,"href":"https:\/\/www.aussac-vadalle.fr\/index.php?rest_route=\/wp\/v2\/pages\/4175\/revisions\/4176"}],"wp:attachment":[{"href":"https:\/\/www.aussac-vadalle.fr\/index.php?rest_route=%2Fwp%2Fv2%2Fmedia&parent=4175"}],"curies":[{"name":"wp","href":"https:\/\/api.w.org\/{rel}","templated":true}]}}

<p>Visits: 465</p><p>Le Sivos ATAV regroupe les communes d&#8217;Anais , de Tourriers et d&#8217;Aussac-Vadalle. Son rôle est d&#8217;assurer la gestion mutualisée de l&#8217;école maternelle dont les locaux se situent à Anais dans le groupement scolaire de la commune.</p>
<p>L&#8217;école maternelle se compose d&#8217;une petite section et d&#8217;une moyenne section complétées par une toute petite section en fonction des effectifs.</p>
<p>Pour connaître un peu mieux les spécificités des écoles maternelles vous pouvez <a href="https://www.education.gouv.fr/l-ecole-maternelle-11534" target="_blank" rel="noopener noreferrer">cliquer ici</a></p>
<p>Le Sivos ATAV gère l&#8217;école maternelle, la garderie du matin et du soir et le transport en bus entre les écoles d&#8217;Anais, de Tourriers et d&#8217;Aussac-Vadalle le matin et le soir.</p>
<p>Vous pouvez joindre le secrétariat du SIVOS au : <b>09.64.01.21.45 </b>ou par courriel <b>: sivos-atav@orange.fr</b></p>
<p>Un accueil est assuré tous les mercredi après-midi de 13h30 à 17h30.</p>

<p>Visits: 465Le Sivos ATAV regroupe les communes d&#8217;Anais , de Tourriers et d&#8217;Aussac-Vadalle. Son rôle est d&#8217;assurer la gestion mutualisée de l&#8217;école maternelle dont les locaux se situent à Anais dans le groupement scolaire de la commune. L&#8217;école maternelle se compose d&#8217;une petite section et d&#8217;une moyenne section complétées par une toute petite section en&hellip;</p>
<p class="more-link"><a href="https://www.aussac-vadalle.fr/?page_id=4175" class="themebutton">Read More</a></p>
